e remainder when 681 is divided by 338.
5
What is the remainder when 749 is divided by 50?
49
Calculate the remainder when 1456 is divided by 17.
11
Calculate the remainder when 111 is divided by 35.
6
What is the remainder when 255 is divided by 23?
2
What is the remainder when 123 is divided by 75?
48
What is the remainder when 79 is divided by 21?
16
Calculate the remainder when 193 is divided by 28.
25
Calculate the remainder when 16 is divided by 12.
4
What is the remainder when 4153 is divided by 5?
3
What is the remainder when 5189 is divided by 59?
56
Calculate the remainder when 403 is divided by 8.
3
Calculate the remainder when 8774 is divided by 209.
205
What is the remainder when 1423 is divided by 5?
3
Calculate the remainder when 100 is divided by 89.
11
Calculate the remainder when 829 is divided by 26.
23
Calculate the remainder when 3779 is divided by 13.
9
What is the remainder when 112 is divided by 6?
4
Calculate the remainder when 2287 is divided by 26.
25
What is the remainder when 190 is divided by 48?
46
What is the remainder when 308 is divided by 93?
29
What is the remainder when 1523 is divided by 184?
51
Calculate the remainder when 127 is divided by 39.
10
What is the remainder when 144 is divided by 49?
46
Calculate the remainder when 46 is divided by 31.
15
Calculate the remainder when 545 is divided by 111.
101
Calculate the remainder when 350 is divided by 89.
83
What is the remainder when 27 is divided by 4?
3
What is the remainder when 1482 is divided by 211?
5
Calculate the remainder when 1530 is divided by 116.
22
Calculate the remainder when 3330 is divided by 332.
10
What is the remainder when 129 is divided by 66?
63
Calculate the remainder when 4890 is divided by 72.
66
What is the remainder when 2885 is divided by 40?
5
Calculate the remainder when 1076 is divided by 214.
6
Calculate the remainder when 106 is divided by 36.
34
Calculate the remainder when 285 is divided by 97.
91
Calculate the remainder when 147 is divided by 48.
3
What is the remainder when 176 is divided by 74?
28
Calculate the remainder when 1153 is divided by 448.
257
What is the remainder when 1869 is divided by 30?
9
Calculate the remainder when 40 is divided by 36.
4
What is the remainder when 166 is divided by 8?
6
What is the remainder when 1524 is divided by 45?
39
Calculate the remainder when 212 is divided by 12.
8
What is the remainder when 369 is divided by 93?
90
Calculate the remainder when 260 is divided by 27.
17
Calculate the remainder when 741 is divided by 44.
37
What is the remainder when 645 is divided by 27?
24
Calculate the remainder when 354 is divided by 35.
4
Calculate the remainder when 733 is divided by 16.
13
Calculate the remainder when 147 is divided by 78.
69
Calculate the remainder when 1250 is divided by 37.
29
What is the remainder when 2086 is divided by 32?
6
What is the remainder when 6994 is divided by 22?
20
Calculate the remainder when 209 is divided by 39.
14
Calculate the remainder when 84 is divided by 48.
36
What is the remainder when 453 is divided by 38?
35
Calculate the remainder when 21581 is divided by 76.
73
What is the remainder when 703 is divided by 95?
38
Calculate the remainder when 6496 is divided by 56.
0
Calculate the remainder when 194 is divided by 22.
18
What is the remainder when 121 is divided by 21?
16
Calculate the remainder when 13632 is divided by 135.
132
Calculate the remainder when 252 is divided by 44.
32
What is the remainder when 140 is divided by 34?
4
What is the remainder when 112 is divided by 31?
19
Calculate the remainder when 927 is divided by 309.
0
What is the remainder when 37 is divided by 29?
8
Calculate the remainder when 7863 is divided by 28.
23
What is the remainder when 1733 is divided by 58?
51
What is the remainder when 395 is divided by 29?
18
What is the remainder when 366 is divided by 76?
62
What is the remainder when 681 is divided by 31?
30
Calculate the remainder when 227 is divided by 46.
43
Calculate the remainder when 76 is divided by 28.
20
What is the remainder when 221 is divided by 13?
0
What is the remainder when 898 is divided by 82?
78
Calculate the remainder when 252 is divided by 17.
14
What is the remainder when 439 is divided by 152?
135
What is the remainder when 7590 is divided by 13?
11
Calculate the remainder when 1469 is divided by 485.
14
Calculate the remainder when 403 is divided by 27.
25
Calculate the remainder when 430 is divided by 128.
46
What is the remainder when 1619 is divided by 266?
23
What is the remainder when 299 is divided by 9?
2
What is the remainder when 44 is divided by 16?
12
Calculate the remainder when 74 is divided by 31.
12
What is the remainder when 119 is divided by 24?
23
What is the remainder when 164 is divided by 110?
54
Calculate the remainder when 116 is divided by 21.
11
Calculate the remainder when 109 is divided by 26.
5
Calculate the remainder when 269 is divided by 3.
2
What is the remainder when 7632 is divided by 15?
12
What is the remainder when 2890 is divided by 145?
135
What is the remainder when 117 is divided by 57?
3
What is the remainder when 214 is divided by 25?
14
Calculate the remainder when 173 is divided by 44.
41
Calculate the remainder when 427 is divided by 427.
0
What is the remainder when 52280 is divided by 77?
74
Calculate the remainder when 1039 is divided by 14.
3
Calculate the remainder when 1489 is divided by 136.
129
Calculate the remainder when 7302 is divided by 22.
20
What is the remainder when 746 is divided by 30?
26
Calculate the remainder when 111 is divided by 21.
6
Calculate the remainder when 64 is divided by 42.
22
Calculate the remainder when 23 is divided by 8.
7
What is the remainder when 640 is divided by 6?
4
Calculate the remainder when 2140 is divided by 31.
1
Calculate the remainder when 65 is divided by 20.
5
Calculate the remainder when 474 is divided by 25.
24
What is the remainder when 205 is divided by 14?
9
Calculate the remainder when 250 is divided by 52.
42
What is the remainder when 297 is divided by 147?
3
Calculate the remainder when 24 is divided by 5.
4
What is the remainder when 596 is divided by 223?
150
What is the remainder when 2517 is divided by 126?
123
Calculate the remainder when 171 is divided by 4.
3
Calculate the remainder when 159 is divided by 158.
1
Calculate the remainder when 113 is divided by 29.
26
Calculate the remainder when 3153 is divided by 53.
26
Calculate the remainder when 6372 is divided by 15.
12
What is the remainder when 24 is divided by 18?
6
What is the remainder when 25955 is divided by 42?
41
Calculate the remainder when 422 is divided by 8.
6
Calculate the remainder when 93 is divided by 34.
25
What is the remainder when 3358 is divided by 6?
4
What is the remainder when 1120 is divided by 11?
9
Calculate the remainder when 126 is divided by 48.
30
What is the remainder when 73 is divided by 21?
10
What is the remainder when 753 is divided by 21?
18
Calculate the remainder when 51 is divided by 45.
6
What is the remainder when 107 is divided by 10?
7
What is the remainder when 77 is divided by 10?
7
Calculate the remainder when 1547 is divided by 12.
11
Calculate the remainder when 51 is divided by 29.
22
Calculate the remainder when 21 is divided by 16.
5
What is the remainder when 635 is divided by 15?
5
Calculate the remainder when 5329 is divided by 86.
83
Calculate the remainder when 1041 is divided by 83.
45
Calculate the remainder when 573 is divided by 16.
13
Calculate the remainder when 104 is divided by 90.
14
What is the remainder when 493 is divided by 46?
33
Calculate the remainder when 863 is divided by 55.
38
Calculate the remainder when 7 is divided by 2.
1
What is the remainder when 223 is divided by 23?
16
Calculate the remainder when 186 is divided by 10.
6
Calculate the remainder when 3805 is divided by 56.
53
Calculate the remainder when 6776 is divided by 115.
106
What is the remainder when 78 is divided by 40?
38
Calculate the remainder when 88 is divided by 59.
29
What is the remainder when 10205 is divided by 29?
26
What is the remainder when 477 is divided by 178?
121
What is the remainder when 1514 is divided by 3?
2
What is the remainder when 68 is 